 b(o) = -3*o + 2. Let a(t) = -5*b(t) + 2*h(t). Calculate a(s).
-1
Let s(i) = -2*i - 7. Let o(w) = w - 3. Let v be o(7). Let j(k) = 4*k - k**2 - 1 - 3 - 1. Let p be j(v). Give s(p).
3
Let s(r) be the first derivative of r**2/2 - 6*r - 2. Let w(b) = -b**2 - 7*b + 13. Let t be w(-9). Calculate s(t).
-11
Let h(b) = -b**2 - 7. Let p = 2 - -1. Suppose 0 = 3*l - m + 1, p*m = 2*l + 2*m + 1. Determine h(l).
-7
Let x(y) = y**2 - 4*y + 1. Suppose -4*v + 26 = 3*l, 0 = 5*v - 5*l - 7 - 8. Suppose -v*z - 11 = -s, -6*s - 5*z = -2*s - 19. What is x(s)?
13
Let q = 7 + -4. Suppose q*c - l - 1 = 7*c, 2*l + 5 = -5*c. Let d(p) = c + 4 - 9*p**3 - 2*p - 4. Calculate d(1).
-10
Let g(s) = 2*s - 5. Let q be g(4). Suppose -6 = 3*o - q. Let k = o - -1. Let w(v) = -v**2 + 4. What is w(k)?
4
Let d(q) be the third derivative of -q**4/24 + q**2. Let f(c) = -c**2 - 7*c - 2. Let a be f(-6). Let o be a/6*3 + 3. Calculate d(o).
-5
Let q be (0 - -3)*(1 - 3). Let j(o) = o**3 + 6*o**2 + 5. Give j(q).
5
Let x(j) = 4*j - 6*j - 2 + 13. Calculate x(8).
-5
Let q(g) = -5*g - 1. Suppose -2*r = -7*r - 10. Let n = 5 - 4. Let u = n + r. Give q(u).
4
Let z(k) = -k**3 - 1061 - 2*k**2 - 2*k + 1069 + 9*k**2. Calculate z(7).
-6
Let p(x) = 0*x - 1 + x**2 + 3 - 6*x. Suppose -4*c = -4, 5*o - 52 = -3*c + c. Suppose 4*h - 30 = 3*j, 0*j + o = h - 2*j. Calculate p(h).
2
Let k(q) = -q**2 - 6*q - 7. Let l(h) = h + 13. Let b be l(-9). Let s be (-1)/(1/b*-1). Suppose -f - 11 = s*x + 2*f, 0 = x - 4*f + 17. Give k(x).
-2
Let g(v) = v + 3. Let t be g(-5). Let f = t - -4. Let r(x) = x**2 - 4*x + 3. Let h(a) = a**2 - 4*a + 3. Let q(y) = f*r(y) - 3*h(y). Determine q(5).
-8
Let i be 10/(-6) - (-4)/6. Let j(m) = 7*m**2 + 3*m + 5. Let o(b) = 4*b**2 + 2*b + 3. Let y(h) = -3*j(h) + 5*o(h). Calculate y(i).
-2
Let v(c) = 20*c - 18*c + 14*c**2 - 2 + 1 - 3*c**2. What is v(1)?
12
Suppose z - 8*z = -14. Let n(d) = 2*d + d**z - 1 + d + 2*d. Determine n(-4).
-5
Let m be -2 + (-40)/(-18) + (-374)/(-99). Let n(u) = -u + 4. Give n(m).
0
Suppose 3*j - 7 + 0 = 2*o, 4 = -4*j. Let g(y) = -3*y - 4. Calculate g(o).
11
Let z(m) = 3*m**3 - 2*m**2 + 1. Let u(p) = 13*p - 10. Let d(f) = 6*f - 5. Let x(w) = 9*d(w) - 4*u(w). Let i be x(4). Suppose -i + 6 = -3*y. Determine z(y).
-4
Let i be -2 + -1 + (2 - 1). Let s(p) be the first derivative of -p**5/120 + p**4/12 - 2*p**3/3 + 4. Let n(d) be the third derivative of s(d). What is n(i)?
4
Suppose 0*s - 4*s = -20. Suppose -3 = -s*n + 2. Let g(u) = 3 - 22*u + 21*u - n. Determine g(4).
-2
Let l(t) be the second derivative of -5/6*t**3 + 0 + 1/2*t**2 - 2*t. Calculate l(2).
-9
Suppose 11*k = 14*k - 3, -3*q - k - 14 = 0. Let z(n) = -n**3 - 5*n**2 - 6*n - 1. Determine z(q).
29
Let k(i) = -i + 1 - 1 - 1. Let d be ((-3)/(-9))/(1/3). Calculate k(d).
-2
Let g be ((-6)/(-9))/(-2*1/6). Let x(o) = 3*o. What is x(g)?
-6
Let x(y) = -2 - 3*y - 8 + 1. Determine x(-6).
9
Let o(p) be the third derivative of p**6/40 + p**5/60 + p**4/24 - p**3/6 - p**2. Give o(1).
4
Let l(u) = -u**3 - 7*u**2 - 6*u - 5. Let i(y) = -2*y - 1 + 3*y + 0 + 0 - 6*y**2. Let t be i(1). Determine l(t).
-5
Suppose 5*s - 4*d - 21 = 0, s = -d + 5 + 1. Suppose s*n = -2*l + 9, 0*n + 7 = 2*l + 3*n. Let r(x) = -3 + 5 - 2*x - x**2 + x. Determine r(l).
-4
Suppose -3*d + 4 = -14. Let s(i) = -i**3 + 6*i**2 + 2*i - 5. Give s(d).
7
Let v(f) = f**2 + 0*f - 4 - 12 + 5*f**3 - 2*f + 25. Let w(m) = -11*m**3 - m**2 + 3*m - 19. Let y(p) = 13*v(p) + 6*w(p). What is y(6)?
-9
Let o(n) be the first derivative of -1/2*n**2 + 3*n - 2. Suppose -5*j + 19 = 4*a, -3*a = j + a - 7. Calculate o(j).
0
Let w(s) = s + 4. Let i be w(-2). Suppose 0 = -2*o - 2*u - 8, -u = i*o + 5. Let g(r) be the first derivative of 2*r**2 + r - 3. Calculate g(o).
-3
Let n(c) = c - 2. Let w be n(1). Let k be (0 + 0)/(1*-2). Let g(z) = z**2 + 0 + k + 2*z. Determine g(w).
-1
Let g(z) be the first derivative of z**6/120 + 2*z**5/15 + z**4/3 + z**3/6 + 11*z**2/2 + 11. Let s(c) be the second derivative of g(c). Calculate s(-7).
-6
Let g(m) = m**3 + 6*m**2 + 8. Let k be g(-6). Let y be k/36 - 22/18. Let f(r) be the second derivative of -3*r**5/10 - r**4/12 - r**3/6 - 4*r. Give f(y).
6
Let b = -13 - -19. Let j(z) = -2 + b + z + 3 + 0. Determine j(-5).
2
Let a(n) = n**3 + 3*n**2 + 3*n**2 - 5*n + 4*n + 7. Let x = 5 + -11. Give a(x).
13
Let r(z) = -4*z - 4. Let p(v) = 5*v + 5. Let g(w) = -3*p(w) - 4*r(w). Let c be (4 - 5)*(-4)/(-2). Determine g(c).
-1
Suppose 2*s + 4*w - w = -8, 0 = -2*w - 8. Let b(c) = -4*c + 3*c - 3*c + s + 5*c. Give b(-4).
-2
Suppose 3*x = x - 20. Let r = x + 16. Let j(b) = -2 + 3*b - 1 - r*b. Determine j(-5).
12
Let i(x) = -x**3 + 4*x**2 - 3*x + 1. Suppose -11*d + 13*d - 6 = 0. Give i(d).
1
Let i = -7 - -7. Let l(s) = 7*s + 7. Let d(t) = -6*t - 6. Let b(a) = -6*d(a) - 5*l(a). Give b(i).
1
Let m(x) = -2*x**2 - 23*x - 17. Let c(q) = q**2 + 12*q + 9. Suppose 18 + 26 = 4*j. Let y(t) = j*c(t) + 6*m(t). Determine y(-3).
6
Let j(b) = -b**3 - b**2 + 2*b + 1. Let y = -9 - -7. Calculate j(y).
1
Let g = 48 - 1. Suppose 5*r - 17 = -g. Let l be (3/9)/(2/r). Let o(y) = -4*y**3 + 1. Determine o(l).
5
Let o(z) = 9*z - 1. Suppose -2*h = h - 6. Suppose 0*t = -2*t + h. What is o(t)?
8
Let q(p) = p**2 + 6*p + 1. Suppose 0 = 5*f + 3*k - 4*k + 27, 0 = -5*f - 5*k - 45. Determine q(f).
1
Let r(f) = f**3 - 4*f**2 - 6*f + 6. Suppose 5*v + 2*z = 19, 0 = -4*v + 3*z + 19 + 10. Let h be r(v). Suppose -h + 3 = b. Let s(w) = -2*w - 1. What is s(b)?
-5
Let j(z) be the second derivative of z**3/6 + z**2/2 - 16*z. Determine j(-2).
-1
Let w(j) = j**2 + j - 1. Let l be 2/5 + 12/20. Give w(l).
1
Let j(b) = -b**2 + 6*b - 6. Let l(c) = -c + 4. Let a be l(-2). What is j(a)?
-6
Let b = -15 + 21. Let q = b - 4. Let c(h) = h - h**3 + 4*h - 4*h. Determine c(q).
-6
Let h be (-1)/2 - (-45)/6. Let l be (-26)/(-7) + 2/h. Let v(a) = l*a**2 - 3*a**2 + 0*a + a + 5*a**3. Calculate v(-1).
-5
Let b(p) = p**2 + 2*p - 4. Let r(j) = -7*j + 2*j**2 - 3*j**2 + 2 + 0*j**2 - 8. Let u be r(-5). Suppose -u*l = -l + 3*x + 3, 2*x = -5*l - 14. Give b(l).
4
Suppose -4 = -o + 3*o. Let j(z) = -3*z**2 - 5*z - 5. Let u(h) = 2*h**2 + 3*h + 3. Let w(a) = -5*j(a) - 8*u(a). Determine w(o).
-5
Let d(h) be the second derivative of h**4/12 + 2*h**3/3 - 2*h**2 + h. Let w(u) = -4 + 5 + u + 3. Let b be w(-9). Calculate d(b).
1
Suppose -4*s = 4*p - 20, -p = -4*s - 0*s + 5. Let c be -3*(1 - (-1)/p). Let b(x) = -x + 1. Determine b(c).
5
Let c(k) be the second derivative of -k**3/6 - 5*k**2/2 - 2*k. Give c(4).
-9
Suppose 5*s = -2*v - 59, 4*v + 84 = -4*s + 32. Let d = -15 - s. Let m(k) = 1. Let b(n) = n**2 + 6*n - 4. Let r(y) = b(y) + 5*m(y). Calculate r(d).
-7
Suppose 0 = 17*x - 12*x - 20. Let w(t) = -t + 3. Determine w(x).
-1
Let f(o) = -1 + 0*o + o**2 + 132*o**3 - 3*o - 130*o**3. Give f(-2).
-7
Let b(c) = 1 + 0 - c - c**2 + 2. Let y(i) = i**2 + i - 4. Let p(h) = -4*b(h) - 3*y(h). Let j be 6*((-2)/4)/1. Determine p(j).
6
Let j(z) = -z**3 - 30 - 3*z - 3*z - 39 - 5*z**2 + 66. Determine j(-4).
5
Let d(a) be the first derivative of -a**2 + 6*a - 50. Suppose -4*u - 3 + 19 = 0. Calculate d(u).
-2
Let c(w) = 9*w**2 - 2*w - 1. Let a(l) = -9*l**2 + l + 1. Let j(r) = -3*a(r) - 2*c(r). Determine j(1).
9
Let g(v) be the third derivative of -v**7/5040 - v**5/30 + v**2. Let p(t) be the third derivative of g(t). Let o(r) = -r - 4. Let i be o(-3). Give p(i).
1
Let d = -2 + 3. Let w(j) = -d - 2*j + 4*j - j - 2*j. Let c be w(-5). Let u(v) = -v - 2. What is u(c)?
-6
Suppose 0 = n, o - 4*n = -0*n - 1. Let u be (o - -1) + (-8)/(-2). Let q(f) = -1153*f - f**3 + 1147*f + 3 + 5*f**2 + 1. Calculate q(u).
-4
Let a(q) be the first derivative of -12*q**2 + 16*q + 6. Let p(t) = t - 1. Let v(s) = a(s) + 16*p(s). Give v(1).
-8
Let g be (-2)/4 - (-9)/2. Let c(i) = i**3 - 3*i**2 - 6*i + 5. Let o be c(g). Let m(d) = d**2 + d - 4. Give m(o).
2
Let q(c) = -c**3 - c - 3. Let u be q(0). Let t = u - -4. Let m(a) be the third derivative of -a**4/12 - a**2. What is m(t)?
-2
Let g = 7 + -4. Let u(o) = -3 + g*o + 6*o - 3*o. Suppose 0 = -3*r - 6*b + 2*b + 2, 5*r - 4*b - 14 = 0. Calculate u(r).
9
Let u be -3*(-1)/(-2)*-2. Let p be (u/6)/((-1)/10). Let d(y) = -y - 2. Give d(p).
3
Let i(z) be the third derivative of -z**5/60 - 7*z**3/6 - 19*z**2. Determine i(0).
-7
Let g(f) be the second derivative of 0 - 1/2*f*